{"id":15,"date":"2018-11-11T17:31:22","date_gmt":"2018-11-11T17:31:22","guid":{"rendered":"http:\/\/hof-lepschies.de\/?page_id=15"},"modified":"2026-03-02T14:51:14","modified_gmt":"2026-03-02T14:51:14","slug":"pferdeboxen","status":"publish","type":"page","link":"http:\/\/hof-lepschies.de\/?page_id=15","title":{"rendered":"Pferdeboxen"},"content":{"rendered":"<p>Wir bieten folgenden Leistungen an:<\/p>\n<p>&#8211; Einstreu (Stroh)<\/p>\n<p>&#8211; Futter satt (Pellets, Heulage, Heu)<\/p>\n<p>&#8211; Im Sommer Weidegang auf unseren gro\u00dfen Koppeln, auf Wunsch auch 24\/7 drau\u00dfen<\/p>\n<p>&#8211; Extra magere Koppel f\u00fcr Spezialf\u00e4lle steht im Sommer zur Verf\u00fcgung.<\/p>\n<p>&#8211; Im Winter stehen die Pferde auf den Sandpaddocks mit Heu\/Stroh F\u00fctterung aus Raufen &#8230; und JA, im Winter bedeutet dies auch mal Matsch \ud83d\ude09<\/p>\n<p>&#8211; Hallennutzung (35 m x 15 m)<\/p>\n<p>&#8211; beleuchteter Au\u00dfenplatz (40 m x 20 m)<\/p>\n<p>&#8211; beleuchteter Longierplatz (20 m Durchmesser)<\/p>\n<p>&#8211; Pferdesolarium mit M\u00fcnzautomat<\/p>\n<p>Boxengr\u00f6\u00dfe ca. 12 qm, Preise auf Anfrage.<\/p>\n<p>Pferdeanh\u00e4nger k\u00f6nnen auf unserem Hof kostenfrei abgestellt werden.<\/p>\n<p><img loading=\"lazy\" decoding=\"async\" class=\"alignnone size-medium wp-image-276\" src=\"http:\/\/hof-lepschies.de\/wp-content\/uploads\/2021\/10\/248581043_849101139109103_1686965785905009246_n-300x225.jpg\" alt=\"\" width=\"300\" height=\"225\" srcset=\"http:\/\/hof-lepschies.de\/wp-content\/uploads\/2021\/10\/248581043_849101139109103_1686965785905009246_n-300x225.jpg 300w, http:\/\/hof-lepschies.de\/wp-content\/uploads\/2021\/10\/248581043_849101139109103_1686965785905009246_n-768x576.jpg 768w, http:\/\/hof-lepschies.de\/wp-content\/uploads\/2021\/10\/248581043_849101139109103_1686965785905009246_n.jpg 960w\" sizes=\"auto, (max-width: 300px) 100vw, 300px\" \/><\/p>\n<div id='gallery-1' class='gallery galleryid-15 gallery-columns-3 gallery-size-thumbnail'><dl class='gallery-item'>\n\t\t\t<dt class='gallery-icon landscape'>\n\t\t\t\t<a href='http:\/\/hof-lepschies.de\/wp-content\/uploads\/2024\/08\/632c1c30-c530-4078-8592-aa3fa5ec09ef.jpg' title=\"Hauptstall\" data-rl_title=\"Hauptstall\" class=\"rl-gallery-link\" data-rl_caption=\"Hauptstall\" data-rel=\"lightbox-gallery-1\"><img loading=\"lazy\" decoding=\"async\" width=\"150\" height=\"150\" src=\"http:\/\/hof-lepschies.de\/wp-content\/uploads\/2024\/08\/632c1c30-c530-4078-8592-aa3fa5ec09ef-150x150.jpg\" class=\"attachment-thumbnail size-thumbnail\" alt=\"\" aria-describedby=\"gallery-1-352\" \/><\/a>\n\t\t\t<\/dt>\n\t\t\t\t<dd class='wp-caption-text gallery-caption' id='gallery-1-352'>\n\t\t\t\tHauptstall\n\t\t\t\t<\/dd><\/dl><dl class='gallery-item'>\n\t\t\t<dt class='gallery-icon landscape'>\n\t\t\t\t<a href='http:\/\/hof-lepschies.de\/wp-content\/uploads\/2024\/08\/f348651f-5eb4-4186-9510-29130fab7fee.jpg' title=\"Hauptstall\" data-rl_title=\"Hauptstall\" class=\"rl-gallery-link\" data-rl_caption=\"Hauptstall\" data-rel=\"lightbox-gallery-1\"><img loading=\"lazy\" decoding=\"async\" width=\"150\" height=\"150\" src=\"http:\/\/hof-lepschies.de\/wp-content\/uploads\/2024\/08\/f348651f-5eb4-4186-9510-29130fab7fee-150x150.jpg\" class=\"attachment-thumbnail size-thumbnail\" alt=\"\" aria-describedby=\"gallery-1-351\" \/><\/a>\n\t\t\t<\/dt>\n\t\t\t\t<dd class='wp-caption-text gallery-caption' id='gallery-1-351'>\n\t\t\t\tHauptstall\n\t\t\t\t<\/dd><\/dl><dl class='gallery-item'>\n\t\t\t<dt class='gallery-icon landscape'>\n\t\t\t\t<a href='http:\/\/hof-lepschies.de\/wp-content\/uploads\/2021\/10\/GOPR0891-scaled.jpg' title=\"Lager von Stroh, Heu und Heulage\" data-rl_title=\"Lager von Stroh, Heu und Heulage\" class=\"rl-gallery-link\" data-rl_caption=\"Lager von Stroh, Heu und Heulage\" data-rel=\"lightbox-gallery-1\"><img loading=\"lazy\" decoding=\"async\" width=\"150\" height=\"150\" src=\"http:\/\/hof-lepschies.de\/wp-content\/uploads\/2021\/10\/GOPR0891-150x150.jpg\" class=\"attachment-thumbnail size-thumbnail\" alt=\"\" aria-describedby=\"gallery-1-280\" \/><\/a>\n\t\t\t<\/dt>\n\t\t\t\t<dd class='wp-caption-text gallery-caption' id='gallery-1-280'>\n\t\t\t\tLager von Stroh, Heu und Heulage\n\t\t\t\t<\/dd><\/dl><br style=\"clear: both\" \/><dl class='gallery-item'>\n\t\t\t<dt class='gallery-icon landscape'>\n\t\t\t\t<a href='http:\/\/hof-lepschies.de\/wp-content\/uploads\/2024\/08\/4bfcee15-bdfc-4278-a3a5-d140a1f5be21.jpg' title=\"Stallgasse Hauptstall\" data-rl_title=\"Stallgasse Hauptstall\" class=\"rl-gallery-link\" data-rl_caption=\"Stallgasse Hauptstall\" data-rel=\"lightbox-gallery-1\"><img loading=\"lazy\" decoding=\"async\" width=\"150\" height=\"150\" src=\"http:\/\/hof-lepschies.de\/wp-content\/uploads\/2024\/08\/4bfcee15-bdfc-4278-a3a5-d140a1f5be21-150x150.jpg\" class=\"attachment-thumbnail size-thumbnail\" alt=\"\" aria-describedby=\"gallery-1-350\" \/><\/a>\n\t\t\t<\/dt>\n\t\t\t\t<dd class='wp-caption-text gallery-caption' id='gallery-1-350'>\n\t\t\t\tStallgasse Hauptstall\n\t\t\t\t<\/dd><\/dl><dl class='gallery-item'>\n\t\t\t<dt class='gallery-icon landscape'>\n\t\t\t\t<a href='http:\/\/hof-lepschies.de\/wp-content\/uploads\/2024\/08\/1f4b32cc-1cc5-4345-bdc1-6c88ccee058a.jpg' title=\"Stallgasse Hauptstall\" data-rl_title=\"Stallgasse Hauptstall\" class=\"rl-gallery-link\" data-rl_caption=\"Stallgasse Hauptstall\" data-rel=\"lightbox-gallery-1\"><img loading=\"lazy\" decoding=\"async\" width=\"150\" height=\"150\" src=\"http:\/\/hof-lepschies.de\/wp-content\/uploads\/2024\/08\/1f4b32cc-1cc5-4345-bdc1-6c88ccee058a-150x150.jpg\" class=\"attachment-thumbnail size-thumbnail\" alt=\"\" aria-describedby=\"gallery-1-349\" \/><\/a>\n\t\t\t<\/dt>\n\t\t\t\t<dd class='wp-caption-text gallery-caption' id='gallery-1-349'>\n\t\t\t\tStallgasse Hauptstall\n\t\t\t\t<\/dd><\/dl><dl class='gallery-item'>\n\t\t\t<dt class='gallery-icon landscape'>\n\t\t\t\t<a href='http:\/\/hof-lepschies.de\/wp-content\/uploads\/2024\/08\/20240806_115317-scaled.jpg' title=\"Au\u00dfenboxen vorm oberen Stall\" data-rl_title=\"Au\u00dfenboxen vorm oberen Stall\" class=\"rl-gallery-link\" data-rl_caption=\"Au\u00dfenboxen vorm oberen Stall\" data-rel=\"lightbox-gallery-1\"><img loading=\"lazy\" decoding=\"async\" width=\"150\" height=\"150\" src=\"http:\/\/hof-lepschies.de\/wp-content\/uploads\/2024\/08\/20240806_115317-150x150.jpg\" class=\"attachment-thumbnail size-thumbnail\" alt=\"\" aria-describedby=\"gallery-1-353\" \/><\/a>\n\t\t\t<\/dt>\n\t\t\t\t<dd class='wp-caption-text gallery-caption' id='gallery-1-353'>\n\t\t\t\tAu\u00dfenboxen vorm oberen Stall\n\t\t\t\t<\/dd><\/dl><br style=\"clear: both\" \/><dl class='gallery-item'>\n\t\t\t<dt class='gallery-icon landscape'>\n\t\t\t\t<a href='http:\/\/hof-lepschies.de\/wp-content\/uploads\/2021\/10\/GOPR0897-scaled.jpg' title=\"Eingangsbereich oberer Stall und Reithalle\" data-rl_title=\"Eingangsbereich oberer Stall und Reithalle\" class=\"rl-gallery-link\" data-rl_caption=\"Eingangsbereich oberer Stall und Reithalle\" data-rel=\"lightbox-gallery-1\"><img loading=\"lazy\" decoding=\"async\" width=\"150\" height=\"150\" src=\"http:\/\/hof-lepschies.de\/wp-content\/uploads\/2021\/10\/GOPR0897-150x150.jpg\" class=\"attachment-thumbnail size-thumbnail\" alt=\"\" aria-describedby=\"gallery-1-286\" \/><\/a>\n\t\t\t<\/dt>\n\t\t\t\t<dd class='wp-caption-text gallery-caption' id='gallery-1-286'>\n\t\t\t\tEingangsbereich oberer Stall und Reithalle\n\t\t\t\t<\/dd><\/dl><dl class='gallery-item'>\n\t\t\t<dt class='gallery-icon landscape'>\n\t\t\t\t<a href='http:\/\/hof-lepschies.de\/wp-content\/uploads\/2024\/08\/a32dd2b1-bc47-4d60-90f7-2d8451cf1c7e.jpg' title=\"oberer Stall\" data-rl_title=\"oberer Stall\" class=\"rl-gallery-link\" data-rl_caption=\"oberer Stall\" data-rel=\"lightbox-gallery-1\"><img loading=\"lazy\" decoding=\"async\" width=\"150\" height=\"150\" src=\"http:\/\/hof-lepschies.de\/wp-content\/uploads\/2024\/08\/a32dd2b1-bc47-4d60-90f7-2d8451cf1c7e-150x150.jpg\" class=\"attachment-thumbnail size-thumbnail\" alt=\"\" aria-describedby=\"gallery-1-348\" \/><\/a>\n\t\t\t<\/dt>\n\t\t\t\t<dd class='wp-caption-text gallery-caption' id='gallery-1-348'>\n\t\t\t\toberer Stall\n\t\t\t\t<\/dd><\/dl><dl class='gallery-item'>\n\t\t\t<dt class='gallery-icon landscape'>\n\t\t\t\t<a href='http:\/\/hof-lepschies.de\/wp-content\/uploads\/2024\/08\/ab96e2df-010a-42e4-a60a-3b89083efadc.jpg' title=\"oberer Stall\" data-rl_title=\"oberer Stall\" class=\"rl-gallery-link\" data-rl_caption=\"oberer Stall\" data-rel=\"lightbox-gallery-1\"><img loading=\"lazy\" decoding=\"async\" width=\"150\" height=\"150\" src=\"http:\/\/hof-lepschies.de\/wp-content\/uploads\/2024\/08\/ab96e2df-010a-42e4-a60a-3b89083efadc-150x150.jpg\" class=\"attachment-thumbnail size-thumbnail\" alt=\"\" aria-describedby=\"gallery-1-346\" \/><\/a>\n\t\t\t<\/dt>\n\t\t\t\t<dd class='wp-caption-text gallery-caption' id='gallery-1-346'>\n\t\t\t\toberer Stall\n\t\t\t\t<\/dd><\/dl><br style=\"clear: both\" \/><dl class='gallery-item'>\n\t\t\t<dt class='gallery-icon landscape'>\n\t\t\t\t<a href='http:\/\/hof-lepschies.de\/wp-content\/uploads\/2024\/08\/4d40d7fd-f1c5-49d6-9b12-914981925e63.jpg' title=\"oberer Stall\" data-rl_title=\"oberer Stall\" class=\"rl-gallery-link\" data-rl_caption=\"oberer Stall\" data-rel=\"lightbox-gallery-1\"><img loading=\"lazy\" decoding=\"async\" width=\"150\" height=\"150\" src=\"http:\/\/hof-lepschies.de\/wp-content\/uploads\/2024\/08\/4d40d7fd-f1c5-49d6-9b12-914981925e63-150x150.jpg\" class=\"attachment-thumbnail size-thumbnail\" alt=\"\" aria-describedby=\"gallery-1-347\" \/><\/a>\n\t\t\t<\/dt>\n\t\t\t\t<dd class='wp-caption-text gallery-caption' id='gallery-1-347'>\n\t\t\t\toberer Stall\n\t\t\t\t<\/dd><\/dl><dl class='gallery-item'>\n\t\t\t<dt class='gallery-icon landscape'>\n\t\t\t\t<a href='http:\/\/hof-lepschies.de\/wp-content\/uploads\/2024\/08\/4363389d-d3cc-4d25-ba2a-b8541b834a6e.jpg' title=\"Sommerkoppel Stuten\" data-rl_title=\"Sommerkoppel Stuten\" class=\"rl-gallery-link\" data-rl_caption=\"Sommerkoppel Stuten\" data-rel=\"lightbox-gallery-1\"><img loading=\"lazy\" decoding=\"async\" width=\"150\" height=\"150\" src=\"http:\/\/hof-lepschies.de\/wp-content\/uploads\/2024\/08\/4363389d-d3cc-4d25-ba2a-b8541b834a6e-150x150.jpg\" class=\"attachment-thumbnail size-thumbnail\" alt=\"\" aria-describedby=\"gallery-1-345\" \/><\/a>\n\t\t\t<\/dt>\n\t\t\t\t<dd class='wp-caption-text gallery-caption' id='gallery-1-345'>\n\t\t\t\tSommerkoppel Stuten\n\t\t\t\t<\/dd><\/dl><dl class='gallery-item'>\n\t\t\t<dt class='gallery-icon landscape'>\n\t\t\t\t<a href='http:\/\/hof-lepschies.de\/wp-content\/uploads\/2024\/08\/4b47c358-cc2c-4466-8278-75c8c397a2bb.jpg' title=\"Sommerkoppelst\u00fcck von den Wallachen\" data-rl_title=\"Sommerkoppelst\u00fcck von den Wallachen\" class=\"rl-gallery-link\" data-rl_caption=\"Sommerkoppelst\u00fcck von den Wallachen\" data-rel=\"lightbox-gallery-1\"><img loading=\"lazy\" decoding=\"async\" width=\"150\" height=\"150\" src=\"http:\/\/hof-lepschies.de\/wp-content\/uploads\/2024\/08\/4b47c358-cc2c-4466-8278-75c8c397a2bb-150x150.jpg\" class=\"attachment-thumbnail size-thumbnail\" alt=\"\" aria-describedby=\"gallery-1-344\" \/><\/a>\n\t\t\t<\/dt>\n\t\t\t\t<dd class='wp-caption-text gallery-caption' id='gallery-1-344'>\n\t\t\t\tSommerkoppelst\u00fcck von den Wallachen\n\t\t\t\t<\/dd><\/dl><br style=\"clear: both\" \/><dl class='gallery-item'>\n\t\t\t<dt class='gallery-icon portrait'>\n\t\t\t\t<a href='http:\/\/hof-lepschies.de\/wp-content\/uploads\/2024\/08\/IMG-20230607-WA0033.jpg' title=\"Die Wallache haben ihren eigenen Pool\" data-rl_title=\"Die Wallache haben ihren eigenen Pool\" class=\"rl-gallery-link\" data-rl_caption=\"Die Wallache haben ihren eigenen Pool\" data-rel=\"lightbox-gallery-1\"><img loading=\"lazy\" decoding=\"async\" width=\"150\" height=\"150\" src=\"http:\/\/hof-lepschies.de\/wp-content\/uploads\/2024\/08\/IMG-20230607-WA0033-150x150.jpg\" class=\"attachment-thumbnail size-thumbnail\" alt=\"\" aria-describedby=\"gallery-1-355\" \/><\/a>\n\t\t\t<\/dt>\n\t\t\t\t<dd class='wp-caption-text gallery-caption' id='gallery-1-355'>\n\t\t\t\tDie Wallache haben ihren eigenen Pool\n\t\t\t\t<\/dd><\/dl><dl class='gallery-item'>\n\t\t\t<dt class='gallery-icon portrait'>\n\t\t\t\t<a href='http:\/\/hof-lepschies.de\/wp-content\/uploads\/2024\/08\/IMG-20220516-WA0034.jpg' title=\"\" data-rl_title=\"\" class=\"rl-gallery-link\" data-rl_caption=\"\" data-rel=\"lightbox-gallery-1\"><img loading=\"lazy\" decoding=\"async\" width=\"150\" height=\"150\" src=\"http:\/\/hof-lepschies.de\/wp-content\/uploads\/2024\/08\/IMG-20220516-WA0034-150x150.jpg\" class=\"attachment-thumbnail size-thumbnail\" alt=\"\" \/><\/a>\n\t\t\t<\/dt><\/dl><dl class='gallery-item'>\n\t\t\t<dt class='gallery-icon landscape'>\n\t\t\t\t<a href='http:\/\/hof-lepschies.de\/wp-content\/uploads\/2024\/08\/IMG-20230621-WA0035.jpg' title=\"\" data-rl_title=\"\" class=\"rl-gallery-link\" data-rl_caption=\"\" data-rel=\"lightbox-gallery-1\"><img loading=\"lazy\" decoding=\"async\" width=\"150\" height=\"150\" src=\"http:\/\/hof-lepschies.de\/wp-content\/uploads\/2024\/08\/IMG-20230621-WA0035-150x150.jpg\" class=\"attachment-thumbnail size-thumbnail\" alt=\"\" \/><\/a>\n\t\t\t<\/dt><\/dl><br style=\"clear: both\" \/><dl class='gallery-item'>\n\t\t\t<dt class='gallery-icon landscape'>\n\t\t\t\t<a href='http:\/\/hof-lepschies.de\/wp-content\/uploads\/2024\/08\/275274650_922326568453226_3249050728609384198_n.jpg' title=\"Winterpaddocks\" data-rl_title=\"Winterpaddocks\" class=\"rl-gallery-link\" data-rl_caption=\"Winterpaddocks\" data-rel=\"lightbox-gallery-1\"><img loading=\"lazy\" decoding=\"async\" width=\"150\" height=\"150\" src=\"http:\/\/hof-lepschies.de\/wp-content\/uploads\/2024\/08\/275274650_922326568453226_3249050728609384198_n-150x150.jpg\" class=\"attachment-thumbnail size-thumbnail\" alt=\"\" aria-describedby=\"gallery-1-358\" \/><\/a>\n\t\t\t<\/dt>\n\t\t\t\t<dd class='wp-caption-text gallery-caption' id='gallery-1-358'>\n\t\t\t\tWinterpaddocks\n\t\t\t\t<\/dd><\/dl><dl class='gallery-item'>\n\t\t\t<dt class='gallery-icon landscape'>\n\t\t\t\t<a href='http:\/\/hof-lepschies.de\/wp-content\/uploads\/2024\/08\/316938138_447653550879085_8206751984554777058_n.jpg' title=\"Winterpaddocks\" data-rl_title=\"Winterpaddocks\" class=\"rl-gallery-link\" data-rl_caption=\"Winterpaddocks\" data-rel=\"lightbox-gallery-1\"><img loading=\"lazy\" decoding=\"async\" width=\"150\" height=\"150\" src=\"http:\/\/hof-lepschies.de\/wp-content\/uploads\/2024\/08\/316938138_447653550879085_8206751984554777058_n-150x150.jpg\" class=\"attachment-thumbnail size-thumbnail\" alt=\"\" aria-describedby=\"gallery-1-359\" \/><\/a>\n\t\t\t<\/dt>\n\t\t\t\t<dd class='wp-caption-text gallery-caption' id='gallery-1-359'>\n\t\t\t\tWinterpaddocks\n\t\t\t\t<\/dd><\/dl><dl class='gallery-item'>\n\t\t\t<dt class='gallery-icon landscape'>\n\t\t\t\t<a href='http:\/\/hof-lepschies.de\/wp-content\/uploads\/2024\/08\/429885577_714905190820585_415828345550854565_n.jpg' title=\"Wiinterpaddocks ... und ja wir haben Matsch im Winter ;-)\" data-rl_title=\"Wiinterpaddocks ... und ja wir haben Matsch im Winter ;-)\" class=\"rl-gallery-link\" data-rl_caption=\"Wiinterpaddocks ... und ja wir haben Matsch im Winter ;-)\" data-rel=\"lightbox-gallery-1\"><img loading=\"lazy\" decoding=\"async\" width=\"150\" height=\"150\" src=\"http:\/\/hof-lepschies.de\/wp-content\/uploads\/2024\/08\/429885577_714905190820585_415828345550854565_n-150x150.jpg\" class=\"attachment-thumbnail size-thumbnail\" alt=\"\" aria-describedby=\"gallery-1-360\" \/><\/a>\n\t\t\t<\/dt>\n\t\t\t\t<dd class='wp-caption-text gallery-caption' id='gallery-1-360'>\n\t\t\t\tWiinterpaddocks &#8230; und ja wir haben Matsch im Winter \ud83d\ude09\n\t\t\t\t<\/dd><\/dl><br style=\"clear: both\" \/>\n\t\t<\/div>\n\n\n","protected":false},"excerpt":{"rendered":"<p>Wir bieten folgenden Leistungen an: &#8211; Einstreu (Stroh) &#8211; Futter satt (Pellets, Heulage, Heu) &#8211; Im Sommer Weidegang auf unseren gro\u00dfen Koppeln, auf Wunsch auch 24\/7 drau\u00dfen &#8211; Extra magere Koppel f\u00fcr Spezialf\u00e4lle steht im Sommer zur Verf\u00fcgung. &#8211; Im &hellip; <a href=\"http:\/\/hof-lepschies.de\/?page_id=15\">Weiterlesen <span class=\"meta-nav\">&rarr;<\/span><\/a><\/p>\n","protected":false},"author":2,"featured_media":67,"parent":0,"menu_order":2,"comment_status":"closed","ping_status":"closed","template":"","meta":{"footnotes":""},"class_list":["post-15","page","type-page","status-publish","has-post-thumbnail","hentry"],"_links":{"self":[{"href":"http:\/\/hof-lepschies.de\/index.php?rest_route=\/wp\/v2\/pages\/15","targetHints":{"allow":["GET"]}}],"collection":[{"href":"http:\/\/hof-lepschies.de\/index.php?rest_route=\/wp\/v2\/pages"}],"about":[{"href":"http:\/\/hof-lepschies.de\/index.php?rest_route=\/wp\/v2\/types\/page"}],"author":[{"embeddable":true,"href":"http:\/\/hof-lepschies.de\/index.php?rest_route=\/wp\/v2\/users\/2"}],"replies":[{"embeddable":true,"href":"http:\/\/hof-lepschies.de\/index.php?rest_route=%2Fwp%2Fv2%2Fcomments&post=15"}],"version-history":[{"count":18,"href":"http:\/\/hof-lepschies.de\/index.php?rest_route=\/wp\/v2\/pages\/15\/revisions"}],"predecessor-version":[{"id":444,"href":"http:\/\/hof-lepschies.de\/index.php?rest_route=\/wp\/v2\/pages\/15\/revisions\/444"}],"wp:featuredmedia":[{"embeddable":true,"href":"http:\/\/hof-lepschies.de\/index.php?rest_route=\/wp\/v2\/media\/67"}],"wp:attachment":[{"href":"http:\/\/hof-lepschies.de\/index.php?rest_route=%2Fwp%2Fv2%2Fmedia&parent=15"}],"curies":[{"name":"wp","href":"https:\/\/api.w.org\/{rel}","templated":true}]}}